)/(-8)). Suppose g + 3*t = 3*g - 6, 4*g + t = 12. Suppose 0 = -g*a - 9 + d. What is the units digit of a?
7
Let n be (328/20)/(2/10). Let z = n + -43. What is the tens digit of z?
3
What is the tens digit of 14 - -36 - (0 + 4)?
4
Suppose -4*o = -6 - 6. Suppose -15 = -o*x - 2*x. Let a = 8 + x. What is the units digit of a?
1
Let z(q) = q**3 - 7*q**2 + 2. Let w be z(7). Let v be 153/27 + w/6. Suppose -3*m - 15 = -v*m. What is the units digit of m?
5
Let a = -4 - -8. Suppose -3*b + 18 = b - 2*i, -a*b + 48 = 4*i. What is the units digit of b?
7
Suppose -4*x - 16 = -2*x + 5*w, 2*w - 24 = 3*x. Let g be ((-3)/6)/((-1)/x). What is the units digit of (-51)/g + 3/12?
3
Let t(g) = g**3 - g**2. Let i be t(1). Suppose 5*c + i*c - 200 = 0. What is the units digit of c?
0
Let s = 62 + 54. What is the hundreds digit of s?
1
Suppose 6*b - 4*b + 14 = -4*s, -s = b + 3. What is the tens digit of b/4 - 236/(-16)?
1
Suppose -4*t = -3*t. Suppose 0*f - 2*f = t. Suppose 23 = 3*g - f*m - 2*m, 0 = -5*m - 20. What is the units digit of g?
5
Let m be (2 - 2) + -1*6. What is the units digit of 141/5 - m/(-30)?
8
Let w = 76 + -22. What is the units digit of w?
4
Let o(q) = q**3 + 7*q**2 - q - 7. Let a be o(-7). Suppose 4*w + 0*w - 84 = a. Let b = w + -11. What is the tens digit of b?
1
Let d(g) = -g**3 + 8*g**2 + 2*g - 9. Let h be d(8). Let l(o) = h*o - 3 + 0 - 4*o. What is the units digit of l(3)?
6
Let f(a) = -a**3 + 3*a**2 - 3*a + 3. What is the units digit of f(2)?
1
Let t be 1*3/3*6. What is the units digit of (-4)/((-24)/9)*t?
9
Let d be (20/(-6))/(8/(-12)). Suppose 14 = 3*m - 5*b, 5*m - d*b + 14 = 54. What is the tens digit of m?
1
Let b(d) be the second derivative of -d**6/360 - d**5/120 + 5*d**4/12 - d**3/6 + d. Let s(y) be the second derivative of b(y). What is the units digit of s(0)?
0
Let y(f) be the second derivative of f**3/3 - 2*f**2 + f. Let a be y(6). What is the units digit of (-27)/(-6)*a/6?
6
Let k(h) = h + 1. Let d be k(4). Let b = -1 + d. Suppose -b*j = -3*x + j + 27, 0 = 3*x - 3*j - 33. What is the units digit of x?
4
Suppose 3*s = -4*z + 5*z + 26, 2*z = 5*s - 43. What is the units digit of s?
9
Let l = 4 + -2. Suppose 4*q = -b - b + 16, l*q - 8 = -3*b. Let x(u) = u**2 - u + 7. What is the units digit of x(b)?
7
Suppose 5*t + 4*j = -42, 0 = 3*j - 6*j - 9. What is the tens digit of 6*(-2 + (-39)/t)?
2
Suppose 5*m - 24 - 22 = 3*l, -4*l - 48 = -5*m. What is the units digit of m?
8
Let p = 0 + -1. Let o be 8 + (-6)/(p*3). What is the units digit of 36/30*o/4?
3
Suppose 0 = -3*i + 4*i - 11. Suppose 2*n - 5 - i = 0. What is the units digit of n?
8
Let u be 10*2/(2 - -2). Let l(t) = -4*t + 1. Let p(k) = 3*k - 2. Let r(q) = 2*l(q) + 3*p(q). What is the units digit of r(u)?
1
Let n(s) = 4*s. Let q be n(1). What is the tens digit of ((-22)/(-3))/(q/6)?
1
Suppose w - k = 0, w + w = k + 4. Let a(r) = r**2 - 2*r + 4. What is the tens digit of a(w)?
1
Let h be 4/(-2) + (48 - 2). Suppose 5*i = i + h. What is the units digit of i?
1
Let v = 21 + -30. What is the units digit of (-228)/v - 1/3?
5
Suppose -z + 9 = -5. What is the units digit of 1 + 2*z/4?
8
Suppose -2*w + 2*b - 6*b - 6 = 0, 0 = 3*w + b - 6. What is the tens digit of (6*1)/w + 9?
1
Let w = 1 - 0. Let i(q) = -q. Let l(f) = 4*f - 1. Let t(b) = w*l(b) + 5*i(b). What is the units digit of t(-3)?
2
What is the units digit of 91/52 + (-1)/(-4)?
2
Let m = 3 - 4. Let o = m + 5. What is the units digit of o?
4
Let n be 226/6 - 2/(-6). Let m be 2*(-5)/(-30)*9. Suppose m*t - 1 = n. What is the tens digit of t?
1
Let s(y) = 2*y**2 - 11*y + 3. What is the tens digit of s(9)?
6
Let j be ((-23)/(-4))/(2/8). Suppose j - 104 = -3*i - 3*l, -4*l = -i + 17. What is the tens digit of i?
2
Let i = -117 + 53. What is the tens digit of (-3)/6*(i - 0)?
3
Suppose -3*z + 2 = -5*z, 4*m = -2*z + 10. Let l(f) = -m*f + 1 - 2 + f + 5*f**2 + f**2. What is the units digit of l(-1)?
7
Let i = 3 + 2. Suppose l = 2*l. Let h = i + l. What is the units digit of h?
5
Let o(s) = 6*s**2 + 9*s - 8. What is the hundreds digit of o(-7)?
2
Suppose 3*p + 2*l - 5*l = -21, -4*l + 20 = 0. What is the units digit of -2 + 6 + p + 11?
3
Let o(t) = 104*t**3 - 3*t**2 + 4*t - 2. What is the hundreds digit of o(1)?
1
Let r(k) = k**2 + 4*k. Let l be r(-5). Let y be 3/(1 + (3 - l)). What is the units digit of y/6*6*-3?
9
Suppose 3*v = 4*v - 84. What is the tens digit of v?
8
Suppose 0 = 7*i - 3*i - 132. Suppose 0 = 3*f + 3*p - i, -12 - 4 = -4*f + 3*p. What is the units digit of f?
7
Suppose -t + 30 = 4*t. Let q = t + 8. What is the tens digit of q?
1
Suppose 2 + 4 = 2*o. What is the tens digit of ((-15)/3)/(o/(-12))?
2
Let n(h) = -h + 11. Let t be n(7). Suppose -2*v + 69 = -3*p - 3, 5*v - 158 = 2*p. Suppose v = t*l - 34. What is the tens digit of l?
1
Suppose 2*a + 2 = 5*f, 0 = -3*a + 4*a - 4*f - 2. Let x = a + 9. Suppose x*c - 4*c = -5*d + 8, 5*d + 6 = 3*c. What is the units digit of c?
7
Let v = -6 + 2. Let o = v + 20. Suppose 2*l = -5*b + 19, 2*l = 3*b + 11 + o. What is the units digit of l?
2
Let h be (-2 + -2 + 0)/(-1). Suppose 3*a = -3*k + 6, 30 = h*k + k - 5*a. Suppose k*q + w - 38 = -w, -4*w = q - 20. What is the units digit of q?
8
Let q be (-2)/9 - (-40)/18. Suppose q*r - 4 = 6*r. What is the units digit of r - (-2 + (-24)/3)?
9
Let s be (1/2)/((-2)/328). Let g = -44 - s. Let k = -27 + g. What is the units digit of k?
1
Suppose 5*f = 0, 0*v - v - f = -41. What is the tens digit of v?
4
Let b(u) = 3*u + 5. Let m(n) = n**2 + 5*n - 5. Let i be m(-5). Let z be b(i). What is the units digit of 8/10 - 2/z?
1
Let i(h) = -4*h - 5*h + 2*h - h**2 + 0*h. Let s be i(-7). Suppose r + s = 4. What is the units digit of r?
4
Let t(x) = -3*x - 5. Let f = -16 + 10. What is the units digit of t(f)?
3
Suppose 3*p - 12 = -p. Suppose 5*w = -p + 23. Suppose -2*n + 10 = -w. What is the units digit of n?
7
Suppose 4*p - 60 = 5*m, 0 = -3*p + 4*m + 51 - 7. Let y = p - 12. What is the units digit of y?
8
Let z(y) = -y**2 - y + 2. Let h(i) = i**2 - 6*i - 2. Let r be h(6). Let v be z(r). What is the units digit of 1/1 + v - -7?
8
Let x be 2*(-5)/(30/9). Let f = x + 8. What is the units digit of f?
5
Let o(d) = -2*d + 27. What is the units digit of o(8)?
1
Let t be ((-6)/4)/(14/112). Suppose 2*k + 25 = -o, 0*o = 4*o + 2*k + 76. Let v = t - o. What is the units digit of v?
5
Let g(q) = 10*q - 5. Let m be g(4). Let k = m - 15. What is the units digit of k?
0
Suppose -3*a - 7*u + 3*u + 162 = 0, u = 5*a - 270. Suppose -2*q = 10, 1 - a = -2*j + 3*q. What is the tens digit of j?
1
Let n(l) = -47*l - 2. What is the tens digit of n(-1)?
4
Let q = -18 + 80. What is the tens digit of q?
6
Let l(k) = k**2 - 7*k - 1. Let w be l(7). Let f be w/(((-8)/90)/4). Suppose 5*a = -0*a + f. What is the units digit of a?
9
Suppose -7*i - 34 = -8*i. What is the units digit of i?
4
Let z = 32 + -68. Let x be (-2)/(-7) - z/21. What is the units digit of 2 - x - (-3 - 1)?
4
Suppose 32*j = 34*j - 350. What is the hundreds digit of j?
1
Suppose 507 = -j + 6*j + 2*o, 0 = -5*o - 20. What is the units digit of j?
3
Suppose 4*j - j = 162. What is the units digit of j?
4
What is the units digit of (-564)/(-30)*10/4?
7
Let h = 31 - 22. What is the units digit of h?
9
Suppose -2*a - 3*a = -3*c + 19, 0 = -c + 4*a + 11. Suppose -z + 4*z = 0, 0 = -3*s + c*z + 36. What is the tens digit of s?
1
Suppose -u = -6*u + 30. Suppose 0 = z + 5*p, -100 = -3*z + u*p - p. What is the tens digit of z?
2
Let v(q) = 3*q - 2. Let z be v(3). Suppose z = -2*j + 3*j. Let r = j - 4. What is the units digit of r?
3
Let y(i) = i - 2. Let z be y(2). Suppose z = w - 3*w - 10. Let r(s) = s**3 + 5*s**2 - s + 7. What is the tens digit of r(w)?
1
Let s = -109 + 197. What is the tens digit of s?
8
Let m(u) = 11*u - 1 - 2*u**2 + 4*u**2 - u - u. What is the tens digit of m(-7)?
3
Let a = -20 + 8. What is the units digit of (-1)/(-1 - 9/a)?
4
Suppose -3*s + 0*x + x = -30, 2*s - x - 21 = 0. Suppose -4*y = -5*y + s. Let j = y + -1. What is the units digit of j?
8
Suppose 2*p = -5*p + 427. What is the units digit of p?
1
Suppose 18 = 3*h - 5*y, -y + 2*y = -5*h + 2. Let d = h - -2. Let k(o) = 2*o - 4. What is the units digit of k(d)?
2
What is the tens digit of (-30)/(-12)*4/1?
1
Let h = 157 + -40. What is the tens digit of h?
1
Suppose -202 = -2*q +